onvert 1 (base 3) to base 5.
1
What is -157 (base 10) in base 13?
-c1
Convert 2 (base 9) to base 16.
2
Convert -29 (base 15) to base 13.
-30
-5 (base 8) to base 5
-10
-3 (base 10) to base 2
-11
Convert 6 (base 8) to base 2.
110
What is -213 (base 13) in base 9?
-433
1a (base 13) to base 4
113
What is -3 (base 13) in base 8?
-3
What is -a (base 13) in base 12?
-a
25 (base 13) to base 10
31
0 (base 5) to base 13
0
Convert -143 (base 9) to base 2.
-1111000
101 (base 7) to base 14
38
42 (base 11) to base 14
34
Convert -265 (base 11) to base 12.
-221
b7 (base 13) to base 9
176
What is 1 (base 12) in base 14?
1
What is 11 (base 2) in base 4?
3
-1 (base 2) to base 3
-1
-19 (base 10) to base 11
-18
Convert -3 (base 13) to base 9.
-3
11101 (base 2) to base 3
1002
-108 (base 12) to base 9
-178
What is 2 (base 5) in base 3?
2
What is 78 (base 11) in base 15?
5a
8 (base 13) to base 10
8
Convert -25 (base 11) to base 14.
-1d
20 (base 7) to base 15
e
What is -172 (base 11) in base 15?
-d5
-9 (base 15) to base 13
-9
What is -f (base 16) in base 5?
-30
-49 (base 16) to base 10
-73
Convert 0 (base 11) to base 9.
0
What is 2 (base 6) in base 2?
10
Convert 12 (base 4) to base 8.
6
3 (base 13) to base 8
3
12 (base 10) to base 2
1100
-2043 (base 5) to base 14
-157
0 (base 10) to base 6
0
Convert 1 (base 11) to base 2.
1
-1 (base 9) to base 14
-1
89 (base 10) to base 8
131
What is 2 (base 8) in base 13?
2
15 (base 13) to base 2
10010
132 (base 6) to base 12
48
What is 3 (base 4) in base 3?
10
0 (base 8) to base 11
0
2 (base 7) to base 12
2
-102 (base 9) to base 7
-146
What is -200 (base 11) in base 2?
-11110010
-2000 (base 3) to base 7
-105
15 (base 7) to base 2
1100
Convert -26 (base 13) to base 7.
-44
10 (base 4) to base 8
4
What is 12 (base 5) in base 7?
10
11010 (base 2) to base 4
122
Convert 2 (base 12) to base 8.
2
What is 15 (base 7) in base 11?
11
What is -1211 (base 4) in base 6?
-245
What is -1 (base 12) in base 16?
-1
What is 11100 (base 2) in base 5?
103
14 (base 8) to base 4
30
1b (base 12) to base 5
43
-105 (base 15) to base 10
-230
Convert 0 (base 2) to base 5.
0
Convert 2210 (base 5) to base 9.
368
Convert 1103 (base 6) to base 4.
3333
3 (base 16) to base 4
3
Convert 6 (base 9) to base 3.
20
What is -21 (base 16) in base 15?
-23
10 (base 3) to base 16
3
What is 11101 (base 2) in base 9?
32
-94 (base 12) to base 6
-304
What is 100 (base 2) in base 6?
4
What is -2 (base 12) in base 13?
-2
What is c (base 14) in base 13?
c
Convert 34 (base 11) to base 5.
122
7e (base 16) to base 12
a6
0 (base 14) to base 11
0
-11 (base 8) to base 14
-9
What is 3 (base 15) in base 4?
3
What is -3 (base 5) in base 16?
-3
Convert -420 (base 5) to base 2.
-1101110
What is 5 (base 14) in base 4?
11
-6 (base 15) to base 9
-6
What is 14 (base 15) in base 14?
15
Convert -4 (base 12) to base 8.
-4
What is -2 (base 3) in base 8?
-2
Convert 133 (base 7) to base 2.
1001001
Convert 3 (base 10) to base 11.
3
What is -3 (base 6) in base 7?
-3
What is -2a7 (base 11) in base 6?
-1355
Convert -2 (base 16) to base 6.
-2
Convert -5 (base 8) to base 5.
-10
What is 6 (base 11) in base 7?
6
What is -3 (base 6) in base 4?
-3
9 (base 15) to base 7
12
What is 1 (base 6) in base 7?
1
0 (base 4) to base 13
0
0 (base 9) to base 13
0
5 (base 16) to base 4
11
-3 (base 15) to base 16
-3
Convert 101 (base 3) to base 10.
10
What is -10 (base 9) in base 10?
-9
Convert -160 (base 9) to base 2.
-10000111
What is -3d (base 14) in base 15?
-3a
What is 0 (base 15) in base 3?
0
What is -30 (base 7) in base 2?
-10101
What is 10 (base 13) in base 5?
23
-6 (base 15) to base 16
-6
1001010 (base 2) to base 10
74
1c (base 13) to base 5
100
Convert -37 (base 11) to base 8.
-50
2 (base 7) to base 2
10
What is 100 (base 4) in base 6?
24
Convert -14 (base 11) to base 4.
-33
Convert 26 (base 7) to base 12.
18
What is 1 (base 9) in base 10?
1
103 (base 6) to base 15
29
Convert 0 (base 9) to base 2.
0
-8 (base 15) to base 6
-12
Convert -32 (base 9) to base 3.
-1002
Convert 100 (base 8) to base 5.
224
2 (base 10) to base 5
2
-2c (base 16) to base 10
-44
Convert -44 (base 8) to base 14.
-28
Convert -15 (base 16) to base 3.
-210
Convert 20 (base 4) to base 15.
8
262 (base 10) to base 7
523
10 (base 16) to base 14
12
Convert 21021 (base 3) to base 10.
196
What is -1010 (base 3) in base 14?
-22
What is -444 (base 8) in base 4?
-10210
5 (base 13) to base 9
5
1121 (base 7) to base 12
29b
63 (base 7) to base 16
2d
-90 (base 12) to base 14
-7a
10 (base 5) to base 7
5
What is 12 (base 3) in base 7?
5
Convert a7 (base 13) to base 5.
1022
-23 (base 6) to base 12
-13
Convert 2 (base 6) to base 3.
2
Convert 1d (base 15) to base 4.
130
What is -1 (base 10) in base 7?
-1
-52 (base 12) to base 5
-222
Convert 11 (base 5) to base 10.
6
Convert -1100 (base 2) to base 13.
-c
-161 (base 7) to base 10
-92
Convert -4 (base 9) to base 12.
-4
What is -3 (base 4) in base 14?
-3
Convert 10 (base 2) to base 8.
2
What is -466 (base 7) in base 10?
-244
What is 32 (base 6) in base 7?
26
Convert 13 (base 14) to base 13.
14
Convert -5 (base 9) to base 15.
-5
-23 (base 5) to base 16
-d
-3 (base 7) to base 9
-3
Convert eb (base 15) to base 12.
165
Convert 1 (base 3) to base 6.
1
-41 (base 11) to base 14
-33
-1 (base 11) to base 12
-1
Convert 11 (base 13) to base 11.
13
Convert -110 (base 11) to base 16.
-84
What is 11 (base 9) in base 6?
14
66 (base 7) to base 13
39
-1000011 (base 2) to base 10
-67
What is 236 (base 10) in base 9?
282
What is 3 (base 6) in base 8?
3
-1110 (base 2) to base 11
-13
What is 100 (base 2) in base 11?
4
-4 (base 9) to base 12
-4
-3 (base 7) to base 5
-3
3 (base 10) to base 14
3
Convert -7 (base 8) to base 14.
-7
6 (base 12) to base 14
6
What is 10 (base 3) in base 13?
3
Convert 3 (base 6) to base 4.
3
What is 11 (base 6) in base 9?
7
Convert -23 (base 5) to base 15.
-d
Convert -1 (base 11) to base 5.
-1
Convert 22 (base 14) to base 3.
1010
18 (base 9) to base 7
23
Convert 11110100 (base 2) to base 12.
184
What is 40 (base 9) in base 7?
51
What is -2 (base 16) in base 7?
-2
1 (base 4) to base 8
1
Convert -10 (base 3) to base 12.
-3
What is -10 (base 5) in base 2?
-101
What is 125 (base 12) in base 3?
20102
Convert -a (base 15) to base 10.
-10
1 (base 13) to base 14
1
0 (base 10) to base 12
0
What is -11201 (base 3) in base 15?
-87
-10 (base 2) to base 11
-2
Convert 43 (base 6) to base 4.
123
-30 (base 14) to base 13
-33
What is -1 (base 9) in base 5?
-1
Convert -1 (base 2) to base 9.
-1
-8 (base 10) to base 13
-8
-31 (base 11) to base 9
-37
-21 (base 10) to base 5
-41
Convert 3 (base 9) to base 7.
3
Convert 33 (base 13) to base 12.
36
Convert -b (base 15) to base 4.
-23
What is 9 (base 15) in base 5?
14
What is -2 (base 8) in base 11?
-2
33 (base 4) to base 16
f
What is aa (base 12) in base 5?
1010
What is -2 (base 3) in base 4?
-2
What is 66 (base 10) in base 14?
4a
1011011 (base 2) to base 16
5b
-123 (base 4) to base 6
-43
7 (base 14) to base 8
7
46 (base 11) to base 4
302
What is 2 (base 14) in base 5?
2
42 (base 5) to base 10
22
-110 (base 2) to base 8
-6
What is -55 (base 6) in base 5?
-120
12 (base 5) to base 11
7
-3 (base 6) to base 4
-3
1101 (base 2) to base 15
d
What is 26 (base 14) in base 10?
34
21 (base 13) to base 11
25
What is -224 (base 7) in base 3?
-11022
Convert -50 (base 15) to base 7.
-135
-17 (base 12) to base 9
-21
What is 180 (base 11) in base 9?
252
0 (base 15) to base 9
0
2 (base 8) to base 13
2
What is -14 (base 6) in base 8?
-12
13 (base 9) to base 8
14
Convert 1 (base 16) to base 12.
1
Convert -1d (base 14) to base 7.
-36
What is -5 (base 13) in base 2?
-101
Convert 4 (base 7) to base 5.
4
What is 6 (base 12) in base 11?
6
What is -2b (base 15) in base 5?
-131
1 (base 13) to base 4
1
Convert 1f (base 16) to base 15.
21
Convert 14 (base 13) to base 14.
13
What is -1 (base 13) in base 7?
-1
-5 (base 8) to base 5
-10
What is 3 (base 6) in base 8?
3
What is -e (base 15) in base 6?
-22
35 (base 10) to base 7
50
13 (base 11) to base 5
24
Convert -11 (base 4) to base 2.
-101
What is 2324 (base 5) in base 10?
339
0 (base 7) to base 16
0
What is -63 (base 9) in base 4?
-321
-1 (base 10) to base 7
-1
3 (base 12) to base 16
3
What is -1b (base 13) in base 12?
-20
-91 (base 11) to base 3
-10201
22 (base 4) to b